{"id":356,"date":"2026-07-28T14:04:30","date_gmt":"2026-07-28T16:04:30","guid":{"rendered":"https:\/\/desarrollo.batlledigital.com\/?page_id=356"},"modified":"2026-07-29T13:33:55","modified_gmt":"2026-07-29T15:33:55","slug":"politica-de-privacidad","status":"publish","type":"page","link":"https:\/\/laindustrialevents.com\/ca\/politica-de-privacidad\/","title":{"rendered":"Pol\u00edtica de privadesa"},"content":{"rendered":"<div data-elementor-type=\"wp-page\" data-elementor-id=\"356\" class=\"elementor elementor-356\" data-elementor-post-type=\"page\">\n\t\t\t\t<div class=\"elementor-element elementor-element-c877104 e-flex e-con-boxed e-con e-parent\" data-id=\"c877104\" data-element_type=\"container\" data-e-type=\"container\" data-settings=\"{&quot;background_background&quot;:&quot;classic&quot;}\">\n\t\t\t\t\t<div class=\"e-con-inner\">\n\t\t\t\t\t<\/div>\n\t\t\t\t<\/div>\n\t\t<div class=\"elementor-element elementor-element-a3ba06c e-flex e-con-boxed e-con e-parent\" data-id=\"a3ba06c\" data-element_type=\"container\" data-e-type=\"container\" data-settings=\"{&quot;background_background&quot;:&quot;classic&quot;}\">\n\t\t\t\t\t<div class=\"e-con-inner\">\n\t\t\t\t<div class=\"elementor-element elementor-element-fa77029 elementor-widget elementor-widget-text-editor\" data-id=\"fa77029\" data-element_type=\"widget\" data-e-type=\"widget\" data-widget_type=\"text-editor.default\">\n\t\t\t\t\t\t\t\t\t<ol><li><strong> INFORMACI\u00d3 PER A L&#039;USUARI:<\/strong><br \/><strong>Qui \u00e9s el responsable del tractament de les teves dades personals?<\/strong><br \/>LETS MAKE IT A CLASSIC SL \u00e9s el RESPONSABLE del tractament de les dades personals de l&#039;USUARI i us informa que aquestes dades es tractaran de conformitat amb el que disposa el Reglament (UE) 2016\/679, de 27 d&#039;abril (GDPR), i la Llei Org\u00e0nica 3\/2018, de 5 de desembre (LOPD).<br \/><strong>Per qu\u00e8 tractem les teves dades personals?<\/strong><br \/>Per mantenir una relaci\u00f3 comercial amb lusuari. Les operacions previstes per realitzar el tractament s\u00f3n:<br \/>\u2022 Remesa de comunicacions comercials publicit\u00e0ries per correu electr\u00f2nic, fax, SMS, MMS, xarxes socials o qualsevol altre mitj\u00e0 electr\u00f2nic o f\u00edsic, present o futur, que permeti efectuar comunicacions comercials. Aquestes comunicacions es faran a trav\u00e9s del RESPONSABLE i estan relacionades amb els seus productes i serveis, o amb els seus col\u00b7laboradors o prove\u00efdors, amb els que hagi arribat a algun acord de promoci\u00f3. En aquest cas, els tercers mai no tindran acc\u00e9s a les dades personals.<br \/>\u2022 Efectuar estudis de mercat i an\u00e0lisis estad\u00edstiques.<br \/>\u2022 Tramitar enc\u00e0rrecs de peticions, donar resposta a les consultes o qualsevol tipus de petici\u00f3 que faci l&#039;USUARI a trav\u00e9s de qualsevol de les formes de contacte que es posen a la vostra disposici\u00f3 a la p\u00e0gina web del RESPONSABLE.<br \/>\u2022 Enviar el butllet\u00ed informatiu online, sobre novetats, ofertes i promocions a la nostra activitat.<br \/><strong>Per qu\u00e8 podem tractar les teves dades personals?<\/strong><br \/>Perqu\u00e8 el tractament est\u00e0 legitimat per l&#039;article 6 del GDPR de la manera seg\u00fcent:<br \/>\u2022 Amb el consentiment de l&#039;USUARI: tramesa de comunicacions comercials i del butllet\u00ed informatiu.<br \/>\u2022 Per inter\u00e8s leg\u00edtim del RESPONSABLE: efectuar estudis de mercat, an\u00e0lisis estad\u00edstiques, etc. i tramitar enc\u00e0rrecs, sol\u00b7licituds, etc. a petici\u00f3 de l&#039;USUARI.<br \/><strong>Durant quant de temps guardarem les teves dades personals?<\/strong><br \/>Es conservaran durant no m\u00e9s temps del necessari per mantenir la finalitat del tractament o mentre hi hagi prescripcions legals que dictaminin la seva cust\u00f2dia i quan ja no sigui necessari, se suprimiran amb mesures de seguretat adequades per garantir l&#039;anonimitzaci\u00f3 de les dades o la seva destrucci\u00f3 total.\u00a0<strong>A qui facilitem les teves dades personals?<\/strong>No est\u00e0 prevista cap comunicaci\u00f3 de dades personals a tercers excepte, si fos necessari per al desenvolupament i execuci\u00f3 de les finalitats del tractament, als nostres prove\u00efdors de serveis relacionats amb comunicacions, amb qu\u00e8 el RESPONSABLE ha formalitzat els contractes de confidencialitat i encarregat de tractament exigits per la normativa vigent de privadesa.<br \/><strong>Quins s\u00f3n els teus drets?<\/strong><br \/>Els drets que t\u00e9 l&#039;USUARI s\u00f3n:<br \/>\u2022 Dret a retirar el consentiment en qualsevol moment.<br \/>\u2022 Dret d&#039;acc\u00e9s, rectificaci\u00f3, portabilitat i supressi\u00f3 de les vostres dades i de limitaci\u00f3 o oposici\u00f3 al tractament.<br \/>\u2022 Dret a presentar reclamaci\u00f3 davant de l&#039;autoritat de control (www.aepd.es) si considera que el tractament no s&#039;ajusta a la normativa vigent.<br \/>Dades de contacte per exercir els seus drets:<\/li><\/ol><p>LETS MAKE IT A CLASSIC SL .Balmes 246. 08006 Barcelona, E-mail: info@laindustrialevents.com<\/p><ol start=\"2\"><li><strong> CAR\u00c0CTER OBLIGATORI O FACULTATIU DE LA INFORMACI\u00d3 FACILITADA PER L&#039;USUARI:<\/strong><br \/>Els USUARIS, per mitj\u00e0 de les caselles corresponents i la introducci\u00f3 de dades als camps, marcats amb l&#039;asterisc (*) al formulari de contacte o presentats en formularis de desc\u00e0rrega, accepten expressament i de forma lliure i inequ\u00edvoca, que les seves dades s\u00f3n necess\u00e0ries per a l&#039;atenci\u00f3 de la seva petici\u00f3, per part del prestador, i que per tant la inclusi\u00f3. L&#039;USUARI garanteix que les dades personals facilitades al RESPONSABLE s\u00f3n ver\u00eddiques i es fa responsable de comunicar qualsevol modificaci\u00f3. El RESPONSABLE informa que totes les dades sol\u00b7licitades a trav\u00e9s del lloc web s\u00f3n obligat\u00f2ries, ja que s\u00f3n necess\u00e0ries per a la prestaci\u00f3 d&#039;un servei \u00f2ptim a l&#039;USUARI. En cas que no es facilitin totes les dades, no es garanteix que la informaci\u00f3 i els serveis facilitats s&#039;ajustin completament a les seves necessitats.<\/li><li><strong> MESURES DE SEGURETAT<\/strong><br \/>Que, de conformitat amb el que estableixen les normatives vigents en protecci\u00f3 de dades personals, el RESPONSABLE est\u00e0 complint amb totes les disposicions de les normatives GDPR i LOPDGDD per al tractament de les dades personals de la seva responsabilitat, i manifestament amb els principis descrits a l&#039;article 5 del GDPR, pels quals es tracten de forma l\u00edci- ta, lleial i transparent en relaci\u00f3 amb les finalitats per a les quals es tracten.<br \/>El RESPONSABLE garanteix que ha implementat pol\u00edtiques t\u00e8cniques i organitzatives apropiades per aplicar les mesures de seguretat establertes pel GDPR i la LOPDGDD per protegir els drets i les llibertats dels USUARIS i els ha comunicat la informaci\u00f3 adequada perqu\u00e8 puguin exercir-los.<br \/>Per a m\u00e9s informaci\u00f3 sobre les garanties de privadesa, pots adre\u00e7ar-te al RESPONSABLE a trav\u00e9s de l&#039;e-mail: info@laindustrialevents.com<\/li><\/ol><p>\u00a0<\/p>\t\t\t\t\t\t\t\t<\/div>\n\t\t\t\t\t<\/div>\n\t\t\t\t<\/div>\n\t\t\t\t<\/div>","protected":false},"excerpt":{"rendered":"<p>INFORMACI\u00d3N PARA EL USUARIO:\u00bfQui\u00e9n es el responsable del tratamiento de tus datos personales?LETS MAKE IT A CLASSIC S.L. es el RESPONSABLE del tratamiento de los datos personales del USUARIO y le informa que estos datos se tratar\u00e1n de conformidad con lo dispuesto en el Reglamento (UE) 2016\/679, de 27 de abril (GDPR), y la Ley [&hellip;]<\/p>\n","protected":false},"author":1,"featured_media":0,"parent":0,"menu_order":0,"comment_status":"closed","ping_status":"closed","template":"","meta":{"footnotes":""},"class_list":["post-356","page","type-page","status-publish","hentry"],"_links":{"self":[{"href":"https:\/\/laindustrialevents.com\/ca\/wp-json\/wp\/v2\/pages\/356","targetHints":{"allow":["GET"]}}],"collection":[{"href":"https:\/\/laindustrialevents.com\/ca\/wp-json\/wp\/v2\/pages"}],"about":[{"href":"https:\/\/laindustrialevents.com\/ca\/wp-json\/wp\/v2\/types\/page"}],"author":[{"embeddable":true,"href":"https:\/\/laindustrialevents.com\/ca\/wp-json\/wp\/v2\/users\/1"}],"replies":[{"embeddable":true,"href":"https:\/\/laindustrialevents.com\/ca\/wp-json\/wp\/v2\/comments?post=356"}],"version-history":[{"count":7,"href":"https:\/\/laindustrialevents.com\/ca\/wp-json\/wp\/v2\/pages\/356\/revisions"}],"predecessor-version":[{"id":434,"href":"https:\/\/laindustrialevents.com\/ca\/wp-json\/wp\/v2\/pages\/356\/revisions\/434"}],"wp:attachment":[{"href":"https:\/\/laindustrialevents.com\/ca\/wp-json\/wp\/v2\/media?parent=356"}],"curies":[{"name":"wp","href":"https:\/\/api.w.org\/{rel}","templated":true}]}}

Política de privadesa

<div data-elementor-type="wp-page" data-elementor-id="356" class="elementor elementor-356" data-elementor-post-type="page">
				<div class="elementor-element elementor-element-c877104 e-flex e-con-boxed e-con e-parent" data-id="c877104" data-element_type="container" data-e-type="container" data-settings="{&quot;background_background&quot;:&quot;classic&quot;}">
					<div class="e-con-inner">
					</div>
				</div>
		<div class="elementor-element elementor-element-a3ba06c e-flex e-con-boxed e-con e-parent" data-id="a3ba06c" data-element_type="container" data-e-type="container" data-settings="{&quot;background_background&quot;:&quot;classic&quot;}">
					<div class="e-con-inner">
				<div class="elementor-element elementor-element-fa77029 elementor-widget elementor-widget-text-editor" data-id="fa77029" data-element_type="widget" data-e-type="widget" data-widget_type="text-editor.default">
									<ol><li><strong> INFORMACIÓ PER A L&#039;USUARI:</strong><br /><strong>Qui és el responsable del tractament de les teves dades personals?</strong><br />LETS MAKE IT A CLASSIC SL és el RESPONSABLE del tractament de les dades personals de l&#039;USUARI i us informa que aquestes dades es tractaran de conformitat amb el que disposa el Reglament (UE) 2016/679, de 27 d&#039;abril (GDPR), i la Llei Orgànica 3/2018, de 5 de desembre (LOPD).<br /><strong>Per què tractem les teves dades personals?</strong><br />Per mantenir una relació comercial amb lusuari. Les operacions previstes per realitzar el tractament són:<br />• Remesa de comunicacions comercials publicitàries per correu electrònic, fax, SMS, MMS, xarxes socials o qualsevol altre mitjà electrònic o físic, present o futur, que permeti efectuar comunicacions comercials. Aquestes comunicacions es faran a través del RESPONSABLE i estan relacionades amb els seus productes i serveis, o amb els seus col·laboradors o proveïdors, amb els que hagi arribat a algun acord de promoció. En aquest cas, els tercers mai no tindran accés a les dades personals.<br />• Efectuar estudis de mercat i anàlisis estadístiques.<br />• Tramitar encàrrecs de peticions, donar resposta a les consultes o qualsevol tipus de petició que faci l&#039;USUARI a través de qualsevol de les formes de contacte que es posen a la vostra disposició a la pàgina web del RESPONSABLE.<br />• Enviar el butlletí informatiu online, sobre novetats, ofertes i promocions a la nostra activitat.<br /><strong>Per què podem tractar les teves dades personals?</strong><br />Perquè el tractament està legitimat per l&#039;article 6 del GDPR de la manera següent:<br />• Amb el consentiment de l&#039;USUARI: tramesa de comunicacions comercials i del butlletí informatiu.<br />• Per interès legítim del RESPONSABLE: efectuar estudis de mercat, anàlisis estadístiques, etc. i tramitar encàrrecs, sol·licituds, etc. a petició de l&#039;USUARI.<br /><strong>Durant quant de temps guardarem les teves dades personals?</strong><br />Es conservaran durant no més temps del necessari per mantenir la finalitat del tractament o mentre hi hagi prescripcions legals que dictaminin la seva custòdia i quan ja no sigui necessari, se suprimiran amb mesures de seguretat adequades per garantir l&#039;anonimització de les dades o la seva destrucció total. <strong>A qui facilitem les teves dades personals?</strong>No està prevista cap comunicació de dades personals a tercers excepte, si fos necessari per al desenvolupament i execució de les finalitats del tractament, als nostres proveïdors de serveis relacionats amb comunicacions, amb què el RESPONSABLE ha formalitzat els contractes de confidencialitat i encarregat de tractament exigits per la normativa vigent de privadesa.<br /><strong>Quins són els teus drets?</strong><br />Els drets que té l&#039;USUARI són:<br />• Dret a retirar el consentiment en qualsevol moment.<br />• Dret d&#039;accés, rectificació, portabilitat i supressió de les vostres dades i de limitació o oposició al tractament.<br />• Dret a presentar reclamació davant de l&#039;autoritat de control (www.aepd.es) si considera que el tractament no s&#039;ajusta a la normativa vigent.<br />Dades de contacte per exercir els seus drets:</li></ol><p>LETS MAKE IT A CLASSIC SL .Balmes 246. 08006 Barcelona, E-mail: info@laindustrialevents.com</p><ol start="2"><li><strong> CARÀCTER OBLIGATORI O FACULTATIU DE LA INFORMACIÓ FACILITADA PER L&#039;USUARI:</strong><br />Els USUARIS, per mitjà de les caselles corresponents i la introducció de dades als camps, marcats amb l&#039;asterisc (*) al formulari de contacte o presentats en formularis de descàrrega, accepten expressament i de forma lliure i inequívoca, que les seves dades són necessàries per a l&#039;atenció de la seva petició, per part del prestador, i que per tant la inclusió. L&#039;USUARI garanteix que les dades personals facilitades al RESPONSABLE són verídiques i es fa responsable de comunicar qualsevol modificació. El RESPONSABLE informa que totes les dades sol·licitades a través del lloc web són obligatòries, ja que són necessàries per a la prestació d&#039;un servei òptim a l&#039;USUARI. En cas que no es facilitin totes les dades, no es garanteix que la informació i els serveis facilitats s&#039;ajustin completament a les seves necessitats.</li><li><strong> MESURES DE SEGURETAT</strong><br />Que, de conformitat amb el que estableixen les normatives vigents en protecció de dades personals, el RESPONSABLE està complint amb totes les disposicions de les normatives GDPR i LOPDGDD per al tractament de les dades personals de la seva responsabilitat, i manifestament amb els principis descrits a l&#039;article 5 del GDPR, pels quals es tracten de forma líci- ta, lleial i transparent en relació amb les finalitats per a les quals es tracten.<br />El RESPONSABLE garanteix que ha implementat polítiques tècniques i organitzatives apropiades per aplicar les mesures de seguretat establertes pel GDPR i la LOPDGDD per protegir els drets i les llibertats dels USUARIS i els ha comunicat la informació adequada perquè puguin exercir-los.<br />Per a més informació sobre les garanties de privadesa, pots adreçar-te al RESPONSABLE a través de l&#039;e-mail: info@laindustrialevents.com</li></ol><p> </p>								</div>
					</div>
				</div>
				</div>

<p>INFORMACIÓN PARA EL USUARIO:¿Quién es el responsable del tratamiento de tus datos personales?LETS MAKE IT A CLASSIC S.L. es el RESPONSABLE del tratamiento de los datos personales del USUARIO y le informa que estos datos se tratarán de conformidad con lo dispuesto en el Reglamento (UE) 2016/679, de 27 de abril (GDPR), y la Ley [&hellip;]</p>
